 13?
False
Is 2321 a multiple of 12?
False
Does 15 divide 13800?
True
Does 65 divide 18135?
True
Is 109 even?
False
Does 46 divide 1012?
True
Is 20 a factor of 200?
True
Is 307 a multiple of 34?
False
Is 75 a factor of 75?
True
Is 8 a factor of 4669?
False
Is 7448 a multiple of 98?
True
Is 32 a factor of 288?
True
Is 504 a multiple of 28?
True
Is 1175 a multiple of 25?
True
Is 163 a factor of 15748?
False
Is 879 a multiple of 104?
False
Is 13985 a multiple of 88?
False
Does 54 divide 92?
False
Does 22 divide 858?
True
Does 29 divide 23196?
False
Is 4815 a multiple of 15?
True
Is 21 a factor of 2226?
True
Is 32895 a multiple of 255?
True
Is 18687 a multiple of 3?
True
Is 193 a factor of 10201?
False
Does 12 divide 12?
True
Is 13 a factor of 6434?
False
Is 1309 a multiple of 7?
True
Does 4 divide 292?
True
Does 74 divide 1702?
True
Is 23 a factor of 20470?
True
Does 4 divide 11?
False
Does 9 divide 261?
True
Is 56 a factor of 4788?
False
Is 776 a multiple of 37?
False
Is 17 a factor of 6551?
False
Is 1573 a multiple of 11?
True
Does 35 divide 945?
True
Is 486 a multiple of 18?
True
Does 105 divide 6956?
False
Does 31 divide 10844?
False
Is 3546 a multiple of 18?
True
Is 34 a factor of 128894?
True
Is 13 a factor of 2122?
False
Is 25 a factor of 2100?
True
Is 1538 a multiple of 69?
False
Is 67 a multiple of 2?
False
Is 62 a factor of 806?
True
Does 6 divide 187?
False
Is 2971 a multiple of 190?
False
Does 28 divide 18536?
True
Is 2 a factor of 755?
False
Is 890 a multiple of 10?
True
Does 21 divide 33787?
False
Is 10958 a multiple of 24?
False
Is 18 a factor of 99807?
False
Does 14 divide 3066?
True
Is 50 a factor of 760?
False
Is 68 a factor of 14144?
True
Does 12 divide 133153?
False
Is 50 a factor of 1239?
False
Is 240 a multiple of 15?
True
Is 154 a multiple of 10?
False
Does 40 divide 80?
True
Does 15 divide 300?
True
Does 22 divide 2288?
True
Does 8 divide 945?
False
Is 3972 a multiple of 8?
False
Is 22 a factor of 549?
False
Does 6 divide 419?
False
Is 489 a multiple of 19?
False
Is 7828 a multiple of 63?
False
Does 7 divide 14854?
True
Is 1989 a multiple of 10?
False
Does 10 divide 17660?
True
Does 13 divide 1152?
False
Is 7 a factor of 8050?
True
Is 19488 a multiple of 32?
True
Is 14 a factor of 154?
True
Is 348 a multiple of 58?
True
Is 84 a factor of 20988?
False
Is 27 a factor of 3037?
False
Does 21 divide 760?
False
Is 689 a multiple of 19?
False
Is 5 a factor of 265?
True
Is 684 a multiple of 12?
True
Is 90 a factor of 1350?
True
Is 2 a factor of 13305?
False
Is 53 a factor of 11130?
True
Is 55855 a multiple of 122?
False
Is 471 a multiple of 6?
False
Is 655 a multiple of 3?
False
Does 51 divide 10367?
False
Does 36 divide 34390?
False
Is 12 a factor of 984?
True
Is 4104 a multiple of 36?
True
Is 8290 a multiple of 10?
True
Is 24 a factor of 635?
False
Is 119 a factor of 7221?
False
Is 11196 a multiple of 36?
True
Is 21 a factor of 7718?
False
Is 162 a multiple of 27?
True
Does 35 divide 917?
False
Does 6 divide 769?
False
Does 98 divide 24532?
False
Does 30 divide 10590?
True
Is 80 a factor of 1624?
False
Does 29 divide 3264?
False
Is 77 a factor of 1309?
True
Is 14 a factor of 17668?
True
Is 9770 a multiple of 16?
False
Is 102 a factor of 4336?
False
Is 3 a factor of 103?
False
Is 21 a factor of 4053?
True
Is 1279 a multiple of 63?
False
Does 13 divide 14612?
True
Is 131 a factor of 917?
True
Is 43 a factor of 18834?
True
Does 34 divide 782?
True
Is 13 a factor of 3287?
False
Does 13 divide 36026?
False
Does 93 divide 18967?
False
Is 6 a factor of 618?
True
Does 42 divide 252?
True
Does 22 divide 1694?
True
Is 333 even?
False
Is 372 a multiple of 11?
False
Is 3 a factor of 1796?
False
Is 68 a factor of 16531?
False
Is 68 a factor of 64078?
False
Is 18 a factor of 4057?
False
Is 6783 a multiple of 21?
True
Is 9 a factor of 13347?
True
Is 33 a factor of 7931?
False
Does 170 divide 48100?
False
Is 11 a factor of 3097?
False
Is 67 a factor of 77043?
False
Does 22 divide 9882?
False
Is 128 a factor of 30264?
False
Does 65 divide 715?
True
Is 2914 a multiple of 145?
False
Is 60 a factor of 55245?
False
Does 9 divide 1483?
False
Does 20 divide 1256?
False
Is 180 a factor of 7880?
False
Does 60 divide 480?
True
Does 31 divide 1669?
False
Is 750 a multiple of 10?
True
Is 17 a factor of 60?
False
Is 37 a factor of 344?
False
Does 44 divide 563?
False
Does 49 divide 2971?
False
Does 17 divide 427?
False
Does 15 divide 6510?
True
Is 962 a multiple of 37?
True
Is 3976 a multiple of 9?
False
Is 2003 a multiple of 95?
False
Does 28 divide 8227?
False
Does 12 divide 509?
False
Does 14 divide 57307?
False
Does 23 divide 2231?
True
Is 100 a factor of 3009?
False
Is 1343 a multiple of 28?
False
Does 19 divide 57?
True
Does 10 divide 3690?
True
Is 6301 a multiple of 14?
False
Does 14 divide 5292?
True
Is 73800 a multiple of 100?
True
Is 196 a multiple of 4?
True
Is 30 a factor of 6930?
True
Is 1470 a multiple of 10?
True
Is 251 a multiple of 4?
False
Is 683 a multiple of 86?
False
Is 55 a factor of 6765?
True
Is 38194 a multiple of 52?
False
Does 18 divide 22410?
True
Does 9 divide 800?
False
Does 420 divide 14990?
False
Is 1368 a multiple of 36?
True
Does 2 divide 792?
True
Is 37170 a multiple of 63?
True
Is 1056 a multiple of 11?
True
Is 41 a factor of 2091?
True
Is 75 a factor of 5850?
True
Is 19375 a multiple of 39?
False
Is 25 a factor of 2701?
False
Is 33 a factor of 1768?
False
Does 55 divide 8226?
False
Is 270 a factor of 17280?
True
Is 10434 a multiple of 94?
True
Is 1104 a multiple of 24?
True
Is 60 a multiple of 6?
True
Is 18 a factor of 363?
False
Does 228 divide 43613?
False
Does 3 divide 294?
True
Is 148 a factor of 20781?
False
Does 15 divide 4035?
True
Does 5 divide 295?
True
Is 9 a factor of 383?
False
Is 26 a factor of 238?
False
Is 2440 a multiple of 20?
True
Is 675 a multiple of 5?
True
Is 602 a multiple of 44?
False
Is 15960 a multiple of 168?
True
Is 11 a factor of 5863?
True
Does 4 divide 57?
False
Is 14 a factor of 713?
False
Is 1437 a multiple of 4?
False
Does 21 divide 1743?
True
Is 11 a factor of 198?
True
Is 45 a factor of 8955?
True
Is 1800 a multiple of 4?
True
Does 10 divide 1100?
True
Does 15 divide 972?
False
Is 20139 a multiple of 95?
False
Does 15 divide 645?
True
Is 1704 a multiple of 22?
False
Is 9 a factor of 53433?
True
Is 17220 a multiple of 15?
True
Is 31785 a multiple of 39?
True
Is 136 a factor of 2559?
False
Is 6 a factor of 486?
True
Is 75 a factor of 1800?
True
Does 84 divide 19488?
True
Does 16 divide 16928?
True
Does 149 divide 7301?
True
Does 13 divide 721?
False
Does 7 divide 240?
False
Is 736 a multiple of 8?
True
Does 5 divide 108?
False
Is 266 a multiple of 40?
False
Is 17500 a multiple of 76?
False
Is 11 a factor of 308?
True
Is 193 a factor of 1930?
True
Does 134 divide 2948?
True
Does 40 divide 236?
False
Does 50 divide 3450?
True
Does 4 divide 6912?
True
Is 33062 a multiple of 33?
False
Does 176 divide 8272?
True
Is 13 a factor of 5971?
False
Is 25792 a multiple of 8?
True
Is 206 a multiple of 8?
False
Is 13 a factor of 143?
True
Is 24 a factor of 168?
True
Does 16 divide 336?
True
Does 10 divide 13793?
False
Is 42 a factor of 9534?
True
Is 24800 a multiple of 10?
True
Is 232 a factor of 47050?
False
Is 35 a factor of 8051?
False
Is 11 a factor of 42438?
True
Is 28058 a multiple of 30?
False
Is 17 a factor of 9544?
False
Is 1208 a multiple of 6?
False
Is 262 a factor of 45064?
True
Is 88 a factor of 2897?
False
Is 85752 a multiple of 72?
True
Is 26 a factor of 9152?
True
Does 5 divide 7327?
False
Is 10452 a multiple of 12?
True
Does 50 divide 13050?
True
Is 208 a multiple of 8?
True
Does 2 divide 32?
True
Is 5 a factor of 15?
True
Is 19 a factor of 152?
True
Does 14 divide 3777?
False
Does 77 divide 231?
True
Does 11 divide 3740?
True
Is 17775 a multiple of 104?
False
Is 14999 a multiple of 13?
False
Does 18 divide 3191?
False
Does 9 divide 15165?
True
Is 9691 a multiple of 4?
False
Is 27 a factor of 55215?
True
Does 77 divide 6006?
True
Is 15 a factor of 20231?
False
Is 35986 a multiple of 133?
False
Is 19 a factor of 5985?
True
Is 30 a factor of 4560?
True
Is 421 a multiple of 12?
False
Is 98058 a multiple of 21?
False
Is 120 a multiple of 8?
True
Is 249 a multiple of 3?
True
Is 14 a fac